 be i(g). Calculate the highest common factor of 36 and u.
18
Let t(b) = 3*b - 3. Let q be t(5). Let o(y) = -2*y**3 - 5*y**2 - 5*y. Let u be o(-4). Suppose 2*x - 196 = u. What is the greatest common factor of x and q?
12
Let b(t) = t**2 + 2*t + 4. Let n be b(4). Let o = -335 + 559. What is the greatest common factor of n and o?
28
Let j(t) = -t**2 - 12*t + 12. Let v be j(-9). Suppose 23*d = 19*d + 208. What is the greatest common factor of d and v?
13
Let t be (-36)/(-14)*(-1 - -8). Suppose -v + 3*r + 9 = 2*v, 4*r = 3*v - 10. Let n = 7 + v. Calculate the greatest common divisor of n and t.
9
Let v(u) = -16*u - 32. Let f be v(-8). Let s(o) = -o**3 - 5*o**2 - 5*o + 2. Let n be s(-4). Calculate the highest common factor of f and n.
6
Let k be 7/((-49)/(-182)) - 5. What is the greatest common factor of k and 3?
3
Suppose 24 + 0 = 4*g. Let j(l) = -9 + 14 - l**2 + 4*l + 6. Let q be j(5). Calculate the highest common divisor of g and q.
6
Suppose 64 = 19*d - 411. Suppose 2*u - 413 = 5*f, 0 = -u + 3*f + 230 - 23. Suppose -u - 921 = -5*s. What is the highest common factor of d and s?
25
Suppose 2*v = -5*o + 102 + 107, 3*o - 4*v - 141 = 0. Let f = -4332 + 4633. What is the greatest common factor of o and f?
43
Let j be (-8 + 3)*8/(-10). Let k(h) be the first derivative of 3*h**2 + 5*h - 74. Let i be k(j). Calculate the greatest common factor of 203 and i.
29
Let q(v) = 6*v**2 + 7*v - 20. Let w be q(6). What is the greatest common divisor of w and 21?
7
Let r be 1/3 + -31*6/(-9). Suppose -2*j + 5 = 3*y - 12, 0 = y - 3. Let w be (-100)/(-7) + j/(-14). Calculate the greatest common factor of r and w.
7
Let g be 238/12 + 7/42. Let k(s) = s**3 + 7*s**2 + 2*s - 4. Let b be k(-6). Calculate the greatest common divisor of g and b.
20
Let b be (-1 - 1) + (82 - 0). Suppose 3*n = -7*n + 330. Let q = n + -13. Calculate the highest common divisor of q and b.
20
Suppose -92*a + 930 = -89*a. What is the greatest common factor of 30 and a?
10
Let w(l) = -10*l + 72. Let q be w(6). Calculate the highest common factor of 108 and q.
12
Let q be 1 - (-2 - 1 - -4 - 369). Calculate the greatest common factor of q and 82.
41
Let v(g) = -9*g - 204. Let n be v(-28). Calculate the greatest common factor of 432 and n.
48
Let n = -148 - -144. Let g(o) = 2*o**2 - 2*o - 16. Let w be g(n). What is the highest common divisor of w and 8?
8
Let i(m) be the first derivative of 6*m**2 - 4*m + 16. Let w be i(2). Calculate the greatest common divisor of 5 and w.
5
Suppose -4*z + 29 = -y, -2*z = -2*y + 8 - 24. Suppose -z*r = -18*r + 561. Let k = 44 + -27. What is the highest common divisor of k and r?
17
Suppose 17*j = 19*j - 368. Let y = 16 + j. Suppose 7*f = 2*f + y. Calculate the greatest common factor of f and 10.
10
Let u be (-206)/(-10) + 16/40. Let x = -19 + u. Suppose p - 30 = -x*p. What is the highest common divisor of p and 80?
10
Let w(f) = 3*f - 10 - 24*f + 6*f - 10*f. Let n be w(-4). What is the highest common factor of 10 and n?
10
Suppose 3*k - 482 = -4*h, 4*k + k = -10. Let p be h/5 + -5*(-18)/(-225). Let n be ((-2)/4)/((-1)/72). Calculate the highest common factor of n and p.
12
Suppose 2*z - 420 - 298 = 2*y, -3*z - 2*y = -1097. Calculate the highest common factor of z and 22.
11
Let f = 84 - 46. Suppose -17*r + 15*r = -f. Let v = r - 13. What is the greatest common factor of v and 6?
6
Let c(n) = n + 12. Let f be c(-6). Suppose 1191 = f*k - 297. What is the greatest common divisor of 31 and k?
31
Let o(h) = h**2 + h**2 + 3*h + h**3 + 4 - 4*h**2. Let k be o(3). What is the highest common divisor of k and 99?
11
Let j = -24 - -16. Let w be ((-6)/j)/(2/8). Suppose -n - 21 = -4*n + 2*h, 0 = -2*n - w*h + 1. Calculate the greatest common factor of n and 55.
5
Suppose -15 = -5*t + 2*t. Suppose 3*c - y - 9 = c, -t*c + 19 = y. Calculate the highest common factor of c and 16.
4
Let n = -49 + 71. What is the highest common divisor of n and 99?
11
Let p = -10 + 14. Suppose -4*w - 13 = -3*w + a, 2*a + 44 = -p*w. Let m(i) = -14*i - 7. Let g be m(w). Calculate the highest common factor of g and 17.
17
Suppose -z - 314 = -4*p, 2*p - 162 = -0*p + 3*z. Let q = 150 - p. Let r(w) = w**2 + 2*w - 6. Let g be r(-6). Calculate the highest common divisor of q and g.
18
Suppose -y - 13 + 219 = s, 0 = -2*y + 5*s + 447. Let i = -116 + y. Calculate the highest common divisor of 19 and i.
19
Let d be (0/(-2) - -6) + 212. Calculate the highest common factor of d and 981.
109
Let w(z) = 21*z - 83. Let b be w(5). Suppose 5*s = t - 161, 5*t - 2*s + 7*s - 895 = 0. What is the greatest common factor of b and t?
22
Let m = -6 - -10. Let r = -21381 - -21457. Calculate the highest common divisor of r and m.
4
Let a(b) = -b + 20. Let g be a(4). Calculate the highest common factor of 152 and g.
8
Let u = -352 + 367. What is the highest common factor of 1515 and u?
15
Suppose 5*x = 6*x - 10. Calculate the highest common divisor of x and 15.
5
Suppose 4*m - 46 = -10. Suppose 0 = 15*b - m*b - 336. What is the greatest common divisor of b and 8?
8
Let x be (522/15)/(2/(-75)*-5). Let b = 54 - 25. Calculate the highest common divisor of b and x.
29
Suppose -4*o + 2*m = -2098, -o + 0*m + 4*m = -542. Calculate the greatest common factor of 18 and o.
18
Let t(r) = 3*r + 8*r**2 - r + 13*r**2. Let c(h) = -3*h - 4. Let s be c(-2). Let b be t(s). Calculate the greatest common factor of b and 11.
11
Let q = 504 + -500. What is the highest common factor of q and 164?
4
Suppose 5*z = 3*y - 50, 0*z + 19 = y - 4*z. Suppose 5*k - 95 = -h, -k - 83 = -3*h + 138. What is the greatest common factor of h and y?
15
Suppose 2 = -2*a - 4. Let g be a*(-2)/2 + 32 + -3. Let j be 1/2 - (-15)/2. What is the highest common divisor of j and g?
8
Let t be (-4 - -4 - -4)*4. Let n = t + -39. Let o = n - -43. Calculate the highest common divisor of o and 50.
10
Let b = 41 - 69. Let l = b - -31. Suppose l*c = -3*j + 33, -5*j + 45 = -2*c - 31. What is the greatest common divisor of j and 98?
14
Let r(v) = -6 - 4 - 5 + 7*v - v**3 + 4*v**2 + 12. Let o be r(5). Let y = 18 + -11. Calculate the greatest common divisor of y and o.
7
Let d(y) = -6*y + y**2 + 90 + 3*y - 4*y + 2*y. Let b be d(0). Calculate the highest common factor of b and 45.
45
Suppose -5*a - 3*o = -72, -3*o = -7*a + 4*a + 48. Let n = a - -9. What is the highest common divisor of 4 and n?
4
Let z(k) = 9*k + 294. Let a be z(30). What is the greatest common factor of a and 24?
12
Let j be (-6 - -8)*(-1 + (-18)/(-4)). Suppose 3*y = -2*y + 15. Suppose 0*t - 6 = -y*t, 4*t = m + 7. What is the greatest common factor of m and j?
1
Let a = -20 - -28. Let q(y) = -2*y**3 - 14*y**2 - 3*y. Let c be q(-8). What is the highest common factor of a and c?
8
Suppose 19*r - 181 = 123. Calculate the greatest common divisor of r and 80.
16
Suppose 102 = -10*r + 842. Calculate the highest common divisor of r and 407.
37
Let k be (0 - 1)*(-2 + 0). Suppose 166*s + 206 = 269*s. What is the highest common factor of k and s?
2
Let l be 0/2 - 8/(-2). Let z be 9/(-36) - (-9)/l. Suppose -402 = -z*r - 0*a - 3*a, 0 = -5*r + 3*a + 984. Calculate the greatest common divisor of r and 18.
18
Let h = -197 + 208. Calculate the highest common factor of h and 88.
11
Suppose 6*s + 3 - 9 = 0. Let k be ((-12)/4 - s)*1. Let w = 8 - k. What is the highest common factor of 30 and w?
6
Suppose -2 = j, -6*j + 3*j - 12 = -2*s. Let g be 1 - (-24 + (s - 6)). Calculate the highest common factor of g and 70.
14
Let i be (-2 - -4)*(-1)/2. Let s be -2*(-3 - 2/i). Suppose -v - s*y + 29 = -29, v - 5*y - 79 = 0. What is the greatest common divisor of 16 and v?
16
Let t = -69 - -87. Let x(b) = -b + 11. Let z be x(7). Suppose -z*r + 340 = 3*m - 0*r, 4*m = r + 428. What is the greatest common divisor of m and t?
18
Let l = 27 - 17. Let f be ((-150)/40)/(((-1)/(-18))/(4/(-3))). What is the greatest common factor of f and l?
10
Let z(p) = 3*p**3 + 4*p**2 - 11*p - 7. Let c be z(5). What is the highest common divisor of 177 and c?
59
Suppose 0 = -5*r + 2*b + 129, 0*r - 2*b = 4*r - 96. Calculate the highest common factor of r and 175.
25
Let h be 34/10 + 9/15. Let b be (-9)/(10/(-4) + h). Let o be 5/(-15) - 104/b. What is the greatest common divisor of o and 17?
17
Suppose a + 4*x - 54 = 0, 26 = -4*a - 2*x + 228. Let r(o) = -o**2 - 22*o - 30. Let t be r